{"id":16067,"date":"2025-05-31T10:23:52","date_gmt":"2025-05-31T03:23:52","guid":{"rendered":"https:\/\/demo.hieudanducngan.com\/?post_type=product&#038;p=16067"},"modified":"2025-05-31T10:23:52","modified_gmt":"2025-05-31T03:23:52","slug":"dan-nguyet-go-cam-lai-can","status":"publish","type":"product","link":"https:\/\/hieudanducngan.com\/index.php\/product\/dan-nguyet-go-cam-lai-can\/","title":{"rendered":"\u0110\u00e0n Nguy\u1ec7t g\u1ed7 C\u1ea9m lai c\u1ea9n"},"content":{"rendered":"<ul>\n<li>\u0110\u00e0n Nguy\u1ec7t hay c\u1ecfn c\u00f2n g\u1ecdi l\u00e0 \u0111\u00e0n K\u00ecm s\u1eed d\u1ee5ng 2 d\u00e2y nylon<\/li>\n<li>\u0110\u00e0n Nguy\u1ec7t c\u00f3 2 size \u0111\u01b0\u1eddng k\u00ednh th\u00f9ng \u0111\u00e0n 36cm v\u00e0 39cm<\/li>\n<li>T\u00f9y theo d\u00f2ng nh\u1ea1c\u00a0 \u00a0t\u00e0i t\u1eed c\u1ea3i l\u01b0\u01a1ng, ca Hu\u1ebf, ca kh\u00fac, h\u00e1t V\u0103n , Ch\u00e8o\u00a0 m\u00e0 ch\u00fang ta s\u1eed d\u1ee5ng d\u00e2y \u0111\u00e0n c\u00f3 \u0111\u01b0\u1eddng k\u00ednh 0,5-0,7mm , 0,6-0,8 mm v\u00e0 0,7,0,9mm \u0111\u00f4i khi 0,8-1mm.<\/li>\n<li>Th\u00e2n \u0111\u00e0n l\u00e0m b\u1eb1ng g\u1ed7 C\u1ea9m lai\u00a0 nguy\u00ean kh\u1ed1i \u0111\u1ed3ng m\u00e0u\u00a0 Vi\u1ec7t Nam, L\u00e0o , Campuchia , m\u1eb7t \u0111\u00e0n l\u00e0m b\u1eb1ng g\u1ed7 Ng\u00f4 \u0110\u1ed3ng\u00a0 nguy\u00ean t\u1ea5m<\/li>\n<li>Th\u00e2n \u0111\u00e0n \u0111\u01b0\u1ee3c c\u1ea9n c\u00e1c t\u00edch d\u00e2n gian nh\u01b0 Hai B\u00e0 Tr\u01b0ng , Ng\u00f4 Quy\u1ec1n B\u1ea1ch \u0110\u1eb1ng Giang , \u0110\u00e1m C\u01b0\u1edbi , Ng\u1ef1a anh \u0111i tr\u01b0\u1edbc v\u00f5ng n\u00e0ng theo sau hay c\u0103p R\u1ed3ng Ph\u1ee5ng\u00a0 b\u1eb1ng nh\u1eefng lo\u1ea1i v\u1ecf \u1ed0c \u0111\u1eb9p b\u1edfi nh\u1eefng tay ngh\u1ec1 tinh x\u1ea3o c\u1ee7a nh\u1eefng ng\u01b0\u1eddi th\u1ee3 l\u00e0nh ngh\u1ec1.<\/li>\n<li>\u0110\u00e0n \u0111\u01b0\u1ee3c s\u01a1n ph\u1ee7 l\u1edbp PU b\u00f3ng m\u1edd kh\u00f4ng m\u00e0u \u0111\u1ec3 l\u1ed9 v\u00e2n g\u1ed7 m\u00e0u t\u1ef1 nhi\u00ean<\/li>\n<li>Ph\u1ee5 ki\u1ec7n k\u00e8m theo c\u00f3 bao \u0111\u00e0n , d\u00e2y \u0111\u00e0n , ph\u00edm kh\u1ea9y \u0111\u00e0n<\/li>\n<li>B\u1ea3o h\u00e0nh : Tr\u1ee5c ch\u1eafc d\u1ec5 l\u00ean d\u00e2y , chu\u1ea9n n\u1ed1t tr\u00ean ph\u00edm 2 d\u00e2y \u0111\u00e0n\u00a0 12 th\u00e1ng ( sau th\u1eddi gian b\u1ea3o h\u00e0nh qu\u00fd kh\u00e1ch tr\u1ea3 ph\u00ed theo quy \u0111\u1ecbnh )<\/li>\n<\/ul>\n<p><strong>Gi\u00e1 12.000.000 \u0111 \u0111\u00e0n nguy\u1ec7t\u00a0 g\u1ed7 C\u1ea9m size 36cm , 14.000.000 \u0111 \u0111\u00e0n Nguy\u1ec7t size 39<\/strong><\/p>\n","protected":false},"excerpt":{"rendered":"<p>\u0110\u00e0n Nguy\u1ec7t hay c\u1ecfn c\u00f2n g\u1ecdi l\u00e0 \u0111\u00e0n K\u00ecm s\u1eed d\u1ee5ng 2 d\u00e2y nylon \u0110\u00e0n Nguy\u1ec7t c\u00f3 2 size \u0111\u01b0\u1eddng<\/p>\n","protected":false},"featured_media":16068,"comment_status":"open","ping_status":"closed","template":"","meta":[],"product_brand":[],"product_cat":[80,81],"product_tag":[],"class_list":{"0":"post-16067","1":"product","2":"type-product","3":"status-publish","4":"has-post-thumbnail","6":"product_cat-dan-kim-dan-nguyet","7":"product_cat-dan-nguyet-go-cam-lai-cham-rong-phung","9":"first","10":"instock","11":"shipping-taxable","12":"purchasable","13":"product-type-simple"},"_links":{"self":[{"href":"https:\/\/hieudanducngan.com\/index.php\/wp-json\/wp\/v2\/product\/16067","targetHints":{"allow":["GET"]}}],"collection":[{"href":"https:\/\/hieudanducngan.com\/index.php\/wp-json\/wp\/v2\/product"}],"about":[{"href":"https:\/\/hieudanducngan.com\/index.php\/wp-json\/wp\/v2\/types\/product"}],"replies":[{"embeddable":true,"href":"https:\/\/hieudanducngan.com\/index.php\/wp-json\/wp\/v2\/comments?post=16067"}],"version-history":[{"count":1,"href":"https:\/\/hieudanducngan.com\/index.php\/wp-json\/wp\/v2\/product\/16067\/revisions"}],"predecessor-version":[{"id":16069,"href":"https:\/\/hieudanducngan.com\/index.php\/wp-json\/wp\/v2\/product\/16067\/revisions\/16069"}],"wp:featuredmedia":[{"embeddable":true,"href":"https:\/\/hieudanducngan.com\/index.php\/wp-json\/wp\/v2\/media\/16068"}],"wp:attachment":[{"href":"https:\/\/hieudanducngan.com\/index.php\/wp-json\/wp\/v2\/media?parent=16067"}],"wp:term":[{"taxonomy":"product_brand","embeddable":true,"href":"https:\/\/hieudanducngan.com\/index.php\/wp-json\/wp\/v2\/product_brand?post=16067"},{"taxonomy":"product_cat","embeddable":true,"href":"https:\/\/hieudanducngan.com\/index.php\/wp-json\/wp\/v2\/product_cat?post=16067"},{"taxonomy":"product_tag","embeddable":true,"href":"https:\/\/hieudanducngan.com\/index.php\/wp-json\/wp\/v2\/product_tag?post=16067"}],"curies":[{"name":"wp","href":"https:\/\/api.w.org\/{rel}","templated":true}]}}