{"id":16070,"date":"2025-05-31T10:38:06","date_gmt":"2025-05-31T03:38:06","guid":{"rendered":"https:\/\/demo.hieudanducngan.com\/?post_type=product&#038;p=16070"},"modified":"2025-05-31T10:38:06","modified_gmt":"2025-05-31T03:38:06","slug":"dan-nguyet-go-cam-lai-cham-rong-phung","status":"publish","type":"product","link":"https:\/\/hieudanducngan.com\/index.php\/product\/dan-nguyet-go-cam-lai-cham-rong-phung\/","title":{"rendered":"\u0110\u00e0n Nguy\u1ec7t g\u1ed7 C\u1ea9m lai ch\u1ea1m R\u1ed3ng Ph\u1ee5ng"},"content":{"rendered":"<p>\u0110\u00e0n Nguy\u1ec7t hay c\u00f2n g\u1ecdi l\u00e0 \u0111\u00e0n K\u00ecm\u00a0 s\u1eed d\u1ee5ng 2 d\u00e2y nylon<\/p>\n<ul>\n<li>\u0110\u00e0n\u00a0 Nguy\u1ec7t d\u00f9ng cho nh\u1ea1c \u0111\u00e0n ca t\u00e0i t\u1eed, ca Hu\u1ebf s\u1eed d\u1ee5ng d\u00e2y 70-50 , cho t\u00e1c ph\u1ea9m, nh\u1ea1c m\u1edbi s\u1eed d\u1ee5ng d\u00e2y 80-60 , cho h\u00e1t V\u0103n d\u00e2y 90-70<\/li>\n<li>\u0110\u00e0n Nguy\u1ec7t l\u00e0m b\u1eb1ng g\u1ed7 C\u1ea9m lai nguy\u00ean kh\u1ed1i \u0111\u1ed3ng m\u00e0u, m\u1eb7t ng\u00f4 \u0111\u1ed3ng nguy\u00ean t\u1ea5m.<\/li>\n<li>\u0110\u00e0n c\u00f3 2 k\u00edch th\u01b0\u1edbc \u0111\u01b0\u1eddng k\u00ednh 36cm\u00a0 v\u00e0 39cm<\/li>\n<li>Th\u00e0nh \u0111\u00e0n \u0111\u01b0\u1ee3c \u0111i\u00eau kh\u1eafc h\u00ecnh R\u1ed3ng Ph\u1ee5ng<\/li>\n<li>S\u01a1n PU m\u1edd kh\u00f4ng m\u00e0u \u0111\u1ec3 l\u1ed9 v\u00e2n g\u1ed7 t\u1ef1 nhi\u00ean<\/li>\n<li>B\u1ea3o h\u00e0nh \u0111\u00e0n chu\u1ea9n ph\u00edm tr\u00ean 2 d\u00e2y, tr\u1ee5c ch\u1eafc d\u1ec5 l\u00ean d\u00e2y 12 th\u00e1ng<\/li>\n<li>T\u1eb7ng bao \u0111\u00e0n, 1 b\u1ed9 d\u00e2y \u0111\u00e0n, 2 ph\u00edm kh\u1ea9y \u0111\u00e0n<\/li>\n<\/ul>\n","protected":false},"excerpt":{"rendered":"<p>B\u1ea3o h\u00e0nh 12 th\u00e1ng.<\/p>\n","protected":false},"featured_media":16071,"comment_status":"open","ping_status":"closed","template":"","meta":[],"product_brand":[],"product_cat":[80,81],"product_tag":[],"class_list":{"0":"post-16070","1":"product","2":"type-product","3":"status-publish","4":"has-post-thumbnail","6":"product_cat-dan-kim-dan-nguyet","7":"product_cat-dan-nguyet-go-cam-lai-cham-rong-phung","9":"first","10":"instock","11":"shipping-taxable","12":"purchasable","13":"product-type-simple"},"_links":{"self":[{"href":"https:\/\/hieudanducngan.com\/index.php\/wp-json\/wp\/v2\/product\/16070","targetHints":{"allow":["GET"]}}],"collection":[{"href":"https:\/\/hieudanducngan.com\/index.php\/wp-json\/wp\/v2\/product"}],"about":[{"href":"https:\/\/hieudanducngan.com\/index.php\/wp-json\/wp\/v2\/types\/product"}],"replies":[{"embeddable":true,"href":"https:\/\/hieudanducngan.com\/index.php\/wp-json\/wp\/v2\/comments?post=16070"}],"version-history":[{"count":1,"href":"https:\/\/hieudanducngan.com\/index.php\/wp-json\/wp\/v2\/product\/16070\/revisions"}],"predecessor-version":[{"id":16072,"href":"https:\/\/hieudanducngan.com\/index.php\/wp-json\/wp\/v2\/product\/16070\/revisions\/16072"}],"wp:featuredmedia":[{"embeddable":true,"href":"https:\/\/hieudanducngan.com\/index.php\/wp-json\/wp\/v2\/media\/16071"}],"wp:attachment":[{"href":"https:\/\/hieudanducngan.com\/index.php\/wp-json\/wp\/v2\/media?parent=16070"}],"wp:term":[{"taxonomy":"product_brand","embeddable":true,"href":"https:\/\/hieudanducngan.com\/index.php\/wp-json\/wp\/v2\/product_brand?post=16070"},{"taxonomy":"product_cat","embeddable":true,"href":"https:\/\/hieudanducngan.com\/index.php\/wp-json\/wp\/v2\/product_cat?post=16070"},{"taxonomy":"product_tag","embeddable":true,"href":"https:\/\/hieudanducngan.com\/index.php\/wp-json\/wp\/v2\/product_tag?post=16070"}],"curies":[{"name":"wp","href":"https:\/\/api.w.org\/{rel}","templated":true}]}}